 of f.
2, 7
Suppose 0 = -3*y - 0*y - 24. Let h be 26/4 - (-4)/y. Let s(p) = 2*p. What are the prime factors of s(h)?
2, 3
Let a(w) = -w**3 - 7*w**2 - 5*w - 6. Let u be a(-6). Let s = u - -4. Let h(g) = g**2 + 9*g + 12. List the prime factors of h(s).
2
Let y(x) = 4*x**2 + 2*x - 1. Let l be y(2). Let f = -7 + l. List the prime factors of (f - 1/1)/1.
11
Suppose 4*k - 371 = -3*l, 2*k - 70 = -5*l + 133. List the prime factors of k.
89
Let p(g) = g**3 + 4*g**2 + 5. Let s be p(-4). Suppose -2*o = -s*o. Suppose o = 3*x - 27 + 3. List the prime factors of x.
2
Suppose -19*z + 1016 = -11*z. List the prime factors of z.
127
Let w be 1/(-2) - 554/(-4). Let r be ((-2)/6)/((-2)/w). Suppose 0 = -5*z - 3*u + 34, r = 3*z + 4*u - 4. What are the prime factors of z?
5
Let f(u) = u**2 - 2*u + 3. Let j be f(2). Suppose 0 = j*w + w. Suppose w*c - 10 = -c. List the prime factors of c.
2, 5
Let w(h) = 9*h**2 + 2*h - 3. What are the prime factors of w(-4)?
7, 19
What are the prime factors of 542/8 + (-3)/(-12)?
2, 17
Let f = -29 - -46. Suppose -4*i + f = -3. Suppose k = i, -3*a + 5*k - 7 = -0*a. What are the prime factors of a?
2, 3
Suppose -y + 2 = -1. Let x(w) = w**2 - w + 5. Let b(a) = -3*a**2 + 3*a - 14. Let j(r) = -3*b(r) - 8*x(r). What are the prime factors of j(y)?
2
Let m = 0 + -1. Let g(x) = -5*x**3 - x**2 - x - 1. Let k be g(m). Suppose y - 4*y + 28 = 2*v, 26 = k*y - 3*v. List the prime factors of y.
2
Suppose 4*p = -5*o - 3 - 8, 8 = 2*p - 2*o. What are the prime factors of 12/1*p - 1?
11
Suppose -2*r = -3*r - 4*i - 1, 5*r = -2*i - 23. Let u = 8 + r. Suppose u*p - 16 = -4. What are the prime factors of p?
2
Let h be 2/6 - (-77)/3. List the prime factors of h*1/2*1.
13
Let f = 99 - 64. List the prime factors of f.
5, 7
Suppose 3*v - 32 = -4*i, 2*i - 3*i - 7 = -3*v. What are the prime factors of 189/12 - i/(-20)?
2
Let b(l) = -l**2 + 1. Let v(x) = -4*x**2 + 8*x + 6. Let c(n) = -5*b(n) + v(n). List the prime factors of c(-10).
3, 7
Let i be (-3 + (-1)/(-3))*-6. Suppose -o + 23 = -5*t - 3, 2*o = -2*t + i. List the prime factors of o.
11
What are the prime factors of (-3 + 3 - 2) + 83?
3
Suppose 12 = -4*o, -l - o = 2*o - 73. Suppose l = 4*s - 70. List the prime factors of s.
2, 19
List the prime factors of 75/3 - 12/4.
2, 11
What are the prime factors of (-2254)/(-63) - 4/(-18)?
2, 3
Suppose -38 = -5*s + 4*o, -3*s + o - 2*o = -33. Let n = -20 + s. What are the prime factors of 141/15 + (-6)/n?
2, 5
Let j(m) = m**3 + 5*m**2 - 8*m - 4. Let r(c) = 2 - 4*c**3 + 4*c**3 + c**2 + 2*c + c**3. Let h be r(-2). What are the prime factors of j(h)?
2
Suppose 3*s + 36 - 159 = 0. List the prime factors of s.
41
Let z = -54 - -113. What are the prime factors of z?
59
Let f = -7 + 7. Suppose 2*t - 4*t + 24 = f. What are the prime factors of t?
2, 3
Suppose 4*q - 109 = -37. Suppose -5*r + 2 = -q. What are the prime factors of r?
2
Let f = 262 - 22. Suppose -3*m - f = 2*m. Let u = -27 - m. List the prime factors of u.
3, 7
Let i(w) = 4*w**2 - w + 1. Let j(t) = -7*t**2 + 2*t - 2. Suppose -50 = 5*p + 3*c + 2*c, 0 = 3*c. Let z(o) = p*i(o) - 6*j(o). What are the prime factors of z(2)?
2, 3
Let l(r) = -2*r**2 - r. Let g be l(3). List the prime factors of 51/7 - (-6)/g.
7
Let b = 172 + -109. Let i = -31 + b. List the prime factors of i.
2
Let y(s) = 22*s - 9. List the prime factors of y(6).
3, 41
Let h(t) = t**2 + 7*t + 18. List the prime factors of h(-10).
2, 3
Let f(u) be the second derivative of u**7/630 + u**6/720 - u**4/12 - u. Let l(h) be the third derivative of f(h). What are the prime factors of l(1)?
5
List the prime factors of (2 - (-80 + 1)) + 2.
83
Suppose n + n = 0. What are the prime factors of -2 - (-1 + -6 - n)?
5
Suppose -2*w - 2*n - n + 8 = 0, w - 2*n - 4 = 0. Suppose 5*p - 5*m = 30, 0*p = w*p + 3*m + 4. List the prime factors of p.
2
What are the prime factors of 1 + 70/2 + 2?
2, 19
Let c(g) be the third derivative of 1/60*g**5 + 1/6*g**4 + 0*g + 2*g**2 + g**3 + 0. What are the prime factors of c(-4)?
2, 3
Let r(p) = -p**2 + 12*p - 15. What are the prime factors of r(7)?
2, 5
Let g be (150/(-9))/((-2)/3). Let z be 3/((-9)/42) + 2. Let c = g + z. What are the prime factors of c?
13
Let j = -53 - -86. What are the prime factors of j?
3, 11
Suppose 3*a - 2*d = -105, -5*a = 2*d - d + 162. Let j = -72 - -49. Let x = j - a. What are the prime factors of x?
2, 5
What are the prime factors of (-2)/4*-2*22?
2, 11
Let u = -3 + 5. Suppose -4 + 2 = -u*i. What are the prime factors of (-4)/(-5)*(i - -14)?
2, 3
Suppose -4*i - 6*i + 60 = 0. List the prime factors of i.
2, 3
Let u be 5/(-10) - (-6)/(-4). Let b be (1 - u/(-3))*6. Suppose 3*d - 3*s = 51, b*s - 17 = -2*d + 21. List the prime factors of d.
2, 3
Let d(z) = -z**2 - 9*z - 4. Let b be 12/(-10)*(2 - -3). Let r be d(b). Suppose -5*t - 4 + r = 0. What are the prime factors of t?
2
List the prime factors of -1 - (-87*1 - -3).
83
List the prime factors of (-30)/(-2 - (2 + 18/(-5))).
3, 5
Suppose 2*v = 0, p - 9 = -2*p - 3*v. List the prime factors of p.
3
Suppose -5*h - 6 = -21. Suppose -45 = -h*v - 2*v. List the prime factors of v.
3
List the prime factors of (-1 - (-8)/12)*-42.
2, 7
Suppose -3*b = 62 - 272. What are the prime factors of b?
2, 5, 7
Suppose -h + 3 + 3 = 0. Let r = h - 2. List the prime factors of r.
2
Let b(a) = 3*a. Let u be 3/(-2)*(-4)/6. Let v be b(u). Suppose -v*y + 36 = -0*y. List the prime factors of y.
2, 3
Let c = 94 + -42. Suppose -2*h + c = 4*m, -5*h + 75 = 4*m - 25. Suppose 2*s + t - 25 = 0, -2*t - h = -s + t. List the prime factors of s.
13
Let s be (3 + -6)*(-14)/6. What are the prime factors of (s/(-14))/((-1)/18)?
3
Suppose -17 + 65 = o. List the prime factors of o.
2, 3
Let z(j) = -j**3 + 39. Let r be z(0). Let u = 69 - r. List the prime factors of u.
2, 3, 5
Let g(k) = -k + 1. Let o(j) = 4*j + 1. Let u(x) = 3*g(x) - 3*o(x). What are the prime factors of u(-1)?
3, 5
Suppose 2*b = 3*b - 4. Suppose b*c - 5*c + 26 = 0. List the prime factors of c.
2, 13
Suppose 3*a - 8 = 16. List the prime factors of (0 + 2)*(a + -2).
2, 3
Suppose -h + 3*v = h - 11, -2*h = v - 7. List the prime factors of h.
2
Let z(y) = -7*y**2 + 5*y + 9. Let p(f) = -15*f**2 + 11*f + 18. Let u(r) = 4*p(r) - 9*z(r). List the prime factors of u(-4).
43
Suppose -4*k = -5*s - 177 - 95, 3*s = -4*k + 240. Suppose 3*l - k = 2*j, 0 = -0*l - 5*l + 4*j + 107. Let x = -7 + l. List the prime factors of x.
2, 3
Suppose -4*s - 2*u = -826, 3*u - 3 = -0. List the prime factors of s.
2, 103
Suppose -4*o - 2 - 6 = 0. What are the prime factors of 26 + (-2 - o)/(-1)?
2, 13
Suppose 2*p - 5*v - 11 = 0, 0 = -5*p + 3*v + 61 - 5. Suppose u = 2 + p. What are the prime factors of u?
3, 5
Let u(c) = c**3 + c + 5. Let l be u(0). Suppose -3*y + 10 = -l. What are the prime factors of y?
5
Let i be 51/(-12) - 2/(-8). Let y = -2 - i. List the prime factors of y.
2
Let t(i) be the second derivative of -i**4/12 + 4*i**3/3 + 3*i**2/2 + 9*i. Suppose 3*u - 2*x = 16, u + 5*x + 2 = -4. List the prime factors of t(u).
19
Let x(i) = -2*i - 1. Let l be x(1). List the prime factors of (-49)/l - (-4)/6.
17
Suppose z - 3 = 4*z - 3*q, -z = 3*q + 13. What are the prime factors of (z/(-5))/((-6)/(-15))?
2
Suppose -6*i + 488 = -4*i. What are the prime factors of i?
2, 61
Suppose 0 = -h + 2*j - 1, h + 2*j = 5*j. What are the prime factors of (h/(-2))/(6/8)?
2
Suppose -6*x + 3*x = -i + 12, -8 = -5*i + 2*x. Suppose -y = -i*y + 3*j - 34, -y = 2*j - 39. What are the prime factors of y?
7
What are the prime factors of (9/6)/(6/124)?
31
Let k(c) = c**2 + c - 2. Let t be k(-2). List the prime factors of (-27)/(-3) + (-3 - t).
2, 3
Let j(a) = -a**2 - 4*a - 5. Let v be j(-4). Suppose 3*x + 56 = -x. List the prime factors of (x/35)/(1/v).
2
Suppose 35 = 4*n + x, x = -2*n - x + 22. Suppose 0 = 5*s - n - 2. What are the prime factors of (0 - (-2 + -12))/s?
7
Suppose 0 = -0*l - 2*l + 4. Let r be ((-1)/l)/(1/2). What are the prime factors of r/4 + (-195)/(-12)?
2
Let n = 49 + -40. List the prime factors of n.
3
Suppose o - 3*p - 17 = 0, p - 6*p = o + 23. Suppose 3*q = -5*v + 56, o*v - 108 = -5*q + v. What are the prime factors of q?
2, 11
Let b(j) be the third derivative of j**4/6 + j**3/6 - j**2. List the prime factors of b(4).
17
Let f(x) = x - 8. Let d be f(7). Let q = -2 + d. What are t